 remainder when 9309 is divided by 57?
18
What is the remainder when 120766 is divided by 497?
492
Calculate the remainder when 9216 is divided by 4595.
26
Calculate the remainder when 68246 is divided by 76.
74
What is the remainder when 7865 is divided by 393?
5
Calculate the remainder when 129774 is divided by 8.
6
What is the remainder when 36697 is divided by 7333?
32
Calculate the remainder when 1038 is divided by 151.
132
What is the remainder when 631754 is divided by 4786?
2
What is the remainder when 83586 is divided by 568?
90
Calculate the remainder when 6670 is divided by 468.
118
What is the remainder when 9532 is divided by 41?
20
What is the remainder when 155868 is divided by 83?
77
Calculate the remainder when 53281 is divided by 592.
1
What is the remainder when 82061 is divided by 105?
56
What is the remainder when 576 is divided by 61?
27
Calculate the remainder when 81253 is divided by 133.
123
What is the remainder when 170 is divided by 57?
56
What is the remainder when 125465 is divided by 12?
5
Calculate the remainder when 394137 is divided by 14.
9
What is the remainder when 5686723 is divided by 275?
273
What is the remainder when 52839 is divided by 7548?
3
What is the remainder when 69682 is divided by 435?
82
Calculate the remainder when 15297 is divided by 142.
103
Calculate the remainder when 97 is divided by 70.
27
What is the remainder when 41984 is divided by 7?
5
What is the remainder when 106 is divided by 63?
43
What is the remainder when 48156 is divided by 83?
16
Calculate the remainder when 245555 is divided by 3.
2
What is the remainder when 4520 is divided by 1411?
287
What is the remainder when 191279 is divided by 15?
14
Calculate the remainder when 5867 is divided by 217.
8
What is the remainder when 116632 is divided by 162?
154
What is the remainder when 139045 is divided by 1030?
1025
Calculate the remainder when 17923 is divided by 5950.
73
What is the remainder when 2393 is divided by 617?
542
Calculate the remainder when 2967 is divided by 165.
162
Calculate the remainder when 246170 is divided by 41023.
32
Calculate the remainder when 15975 is divided by 44.
3
What is the remainder when 46803 is divided by 37?
35
Calculate the remainder when 185554 is divided by 46387.
6
Calculate the remainder when 38290 is divided by 391.
363
Calculate the remainder when 4356327 is divided by 946.
943
Calculate the remainder when 3092 is divided by 91.
89
What is the remainder when 3610 is divided by 396?
46
Calculate the remainder when 4110 is divided by 425.
285
Calculate the remainder when 1105 is divided by 144.
97
What is the remainder when 239 is divided by 156?
83
Calculate the remainder when 135941 is divided by 25.
16
Calculate the remainder when 6336 is divided by 2110.
6
What is the remainder when 10105 is divided by 24?
1
Calculate the remainder when 4100 is divided by 36.
32
What is the remainder when 12086 is divided by 12075?
11
What is the remainder when 4655 is divided by 660?
35
What is the remainder when 5341 is divided by 255?
241
What is the remainder when 22677 is divided by 252?
249
Calculate the remainder when 338879 is divided by 1442.
9
Calculate the remainder when 22958 is divided by 256.
174
Calculate the remainder when 89668 is divided by 29881.
25
Calculate the remainder when 7850 is divided by 597.
89
Calculate the remainder when 10580069 is divided by 424.
421
Calculate the remainder when 13956 is divided by 3488.
4
Calculate the remainder when 150214 is divided by 185.
179
What is the remainder when 26472 is divided by 5?
2
What is the remainder when 77949 is divided by 58?
55
Calculate the remainder when 22653 is divided by 268.
141
What is the remainder when 802 is divided by 2?
0
Calculate the remainder when 19069 is divided by 381.
19
What is the remainder when 554821 is divided by 622?
619
Calculate the remainder when 127916 is divided by 699.
698
Calculate the remainder when 5576 is divided by 1716.
428
What is the remainder when 4426 is divided by 74?
60
Calculate the remainder when 1223357 is divided by 582.
575
Calculate the remainder when 5489 is divided by 1732.
293
Calculate the remainder when 1126 is divided by 270.
46
Calculate the remainder when 438769 is divided by 145.
144
Calculate the remainder when 5690 is divided by 85.
80
What is the remainder when 490872 is divided by 125?
122
Calculate the remainder when 294206 is divided by 19.
10
What is the remainder when 7689 is divided by 76?
13
What is the remainder when 9161 is divided by 168?
89
Calculate the remainder when 566 is divided by 106.
36
What is the remainder when 13059 is divided by 1003?
20
Calculate the remainder when 1315 is divided by 208.
67
Calculate the remainder when 5417 is divided by 56.
41
Calculate the remainder when 36238 is divided by 12063.
49
What is the remainder when 18731 is divided by 34?
31
Calculate the remainder when 43682 is divided by 315.
212
What is the remainder when 30237 is divided by 7534?
101
Calculate the remainder when 168135 is divided by 186.
177
Calculate the remainder when 7308 is divided by 78.
54
What is the remainder when 1066776 is divided by 287?
284
What is the remainder when 2993 is divided by 856?
425
Calculate the remainder when 2846 is divided by 584.
510
What is the remainder when 264913 is divided by 318?
19
What is the remainder when 1329 is divided by 797?
532
Calculate the remainder when 1651 is divided by 48.
19
What is the remainder when 7253 is divided by 196?
1
Calculate the remainder when 2072 is divided by 35.
7
What is the remainder when 18836 is divided by 1002?
800
What is the remainder when 1524 is divided by 15?
9
Calculate the remainder when 2025 is divided by 1982.
43
Calculate the remainder when 233930 is divided by 65.
60
What is the remainder when 5711 is divided by 701?
103
What is the remainder when 43793 is divided by 1327?
2
Calculate the remainder when 3761 is divided by 178.
23
Calculate the remainder when 1940925 is divided by 132.
129
Calculate the remainder when 275102 is divided by 16.
14
Calculate the remainder when 1415100 is divided by 1349.
1348
What is the remainder when 7987 is divided by 35?
7
What is the remainder when 36898 is divided by 6?
4
Calculate the remainder when 180232 is divided by 314.
310
Calculate the remainder when 4946 is divided by 288.
50
Calculate the remainder when 162549 is divided by 40635.
9
What is the remainder when 18243 is divided by 108?
99
What is the remainder when 11492 is divided by 5712?
68
Calculate the remainder when 1590 is divided by 238.
162
Calculate the remainder when 279911 is divided by 21.
2
What is the remainder when 1180604 is divided by 78?
74
Calculate the remainder when 354 is divided by 59.
0
Calculate the remainder when 29970 is divided by 14982.
6
What is the remainder when 9926697 is divided by 10?
7
Calculate the remainder when 493 is divided by 306.
187
What is the remainder when 2636 is divided by 323?
52
What is the remainder when 1605093 is divided by 162?
159
Calculate the remainder when 26050 is divided by 364.
206
What is the remainder when 133231 is divided by 217?
210
Calculate the remainder when 182632 is divided by 63.
58
What is the remainder when 7961 is divided by 161?
72
Calculate the remainder when 92927 is divided by 242.
241
What is the remainder when 20555 is divided by 10276?
3
What is the remainder when 203356 is divided by 13?
10
What is the remainder when 27500 is divided by 150?
50
What is the remainder when 38470 is divided by 4272?
22
Calculate the remainder when 1587928 is divided by 30.
28
Calculate the remainder when 2506 is divided by 1243.
20
Calculate the remainder when 82007 is divided by 27331.
14
Calculate the remainder when 112193 is divided by 13.
3
Calculate the remainder when 50172 is divided by 2181.
9
Calculate the remainder when 57622 is divided by 240.
22
Calculate the remainder when 1070 is divided by 109.
89
Calculate the remainder when 909842 is divided by 643.
640
What is the remainder when 2365 is divided by 16?
13
Calculate the remainder when 6715 is divided by 20.
15
Calculate the remainder when 164336 is divided by 258.
248
Calculate the remainder when 309 is divided by 26.
23
What is the remainder when